 -11213300220 (base 4) in base 15?
-1e1936
What is -3b28296 (base 12) in base 4?
-230310312102
-d0a64 (base 14) to base 2
-1111010011011010000
-230229 (base 11) to base 5
-43210143
Convert 322125 (base 7) to base 9.
84706
What is -11101101010110101100 (base 2) in base 3?
-1211101121120
-11010010111001001 (base 2) to base 6
-2151521
What is -404400013 (base 5) in base 11?
-a19314
-112051 (base 13) to base 7
-3302521
Convert -11011100011110010110 (base 2) to base 6.
-31204502
-170123 (base 14) to base 4
-3011000303
-2831a (base 15) to base 12
-6275a
What is -832523 (base 10) in base 2?
-11001011010000001011
What is -2256 (base 13) in base 9?
-6526
3ae530 (base 15) to base 4
22303212123
What is -2948de (base 16) in base 15?
-386a05
What is 3c381 (base 14) in base 15?
2e1a2
Convert -73a54 (base 13) to base 2.
-110010110110010101
-1001100010100110 (base 2) to base 13
-14a30
Convert -5d72d (base 14) to base 3.
-102122100121
-177a401 (base 11) to base 16
-2e0220
What is -1475004 (base 8) in base 3?
-210120020110
What is -32583a (base 11) in base 13?
-15296a
Convert -13663 (base 16) to base 9.
-130887
406336 (base 9) to base 5
30201341
What is -abb (base 12) in base 6?
-11155
Convert -200022202102101 (base 3) to base 12.
-3317701
What is 5081732 (base 9) in base 2?
1010010101110111101010
e3948 (base 16) to base 9
1670622
Convert -236c6 (base 16) to base 9.
-241025
What is 12102022210 (base 3) in base 12?
51893
Convert 374457 (base 9) to base 5.
24220431
Convert a8765 (base 12) to base 2.
110110010000111101
What is 3465063 (base 7) in base 12?
190619
Convert -2a355 (base 12) to base 8.
-163561
Convert -5726560 (base 10) to base 13.
-12566c8
Convert 38bc (base 15) to base 16.
2f46
What is 127735 (base 8) in base 16?
afdd
Convert -220103232320 (base 4) to base 11.
-5a67916
What is -132034020 (base 5) in base 8?
-2406313
-8873a (base 11) to base 7
-1044056
-3012525 (base 6) to base 16
-22a45
What is -1649a3 (base 12) in base 6?
-12102323
Convert 11101010111111000100000 (base 2) to base 4.
131113320200
Convert 110001101011110111101100 (base 2) to base 5.
11313242443
Convert 12644254 (base 7) to base 8.
4356554
Convert 6334a (base 11) to base 14.
2589a
Convert -874606 (base 10) to base 6.
-30425034
What is -58391 (base 11) in base 14?
-22a28
72201 (base 10) to base 15
165d6
Convert -103557 (base 10) to base 2.
-11001010010000101
636992 (base 10) to base 6
21353012
What is 665822 (base 10) in base 4?
2202203132
What is -422477 (base 9) in base 15?
-4e64a
Convert -10451616 (base 7) to base 5.
-212402201
What is 172b (base 12) in base 5?
42041
Convert 43021267 (base 8) to base 15.
c1626c
Convert 1522661 (base 12) to base 7.
51226333
What is 467174 (base 11) in base 15?
e9ace
What is 320202123 (base 5) in base 13?
379655
Convert -1289b1c (base 14) to base 2.
-100010000110011101111110
What is 20d76 (base 15) in base 5?
11314121
What is -10020132102 (base 4) in base 7?
-12131154
What is -111223110011 (base 4) in base 11?
-3231332
Convert -201012241 (base 6) to base 2.
-1100111111111101100001
Convert -25cd9 (base 16) to base 7.
-1213301
11110443 (base 5) to base 4
113311113
What is 11110010011110100011100 (base 2) in base 11?
4537632
-370a90 (base 11) to base 6
-20325205
-13764230 (base 8) to base 14
-5ba30c
What is -1042200411 (base 6) in base 13?
-245b414
Convert 2311304 (base 6) to base 2.
11100110111111000
-222212112 (base 3) to base 7
-111053
Convert 188446 (base 12) to base 15.
87269
Convert -31102321 (base 5) to base 10.
-253461
What is -7ccc8 (base 15) in base 3?
-202012121222
What is -1101001111001010010100 (base 2) in base 5?
-1342014342
What is 12776225 (base 9) in base 10?
6309680
Convert 10212320323 (base 4) to base 10.
1207867
Convert -203303011 (base 4) to base 7.
-1150330
Convert -4576112 (base 10) to base 6.
-242025412
Convert -1b5e7 (base 16) to base 4.
-123113213
What is -6715651 (base 8) in base 4?
-12321232221
Convert 20503 (base 15) to base 7.
604323
9007662 (base 10) to base 3
121221122012010
Convert 10011031 (base 4) to base 12.
9811
-10011101001101110000111 (base 2) to base 7
-61534211
-1140400 (base 6) to base 3
-10000222100
What is -22603660 (base 8) in base 15?
-671e13
Convert -10111100000 (base 2) to base 7.
-4246
What is 86b4a1 (base 14) in base 8?
21322345
Convert 404684 (base 10) to base 13.
112277
12203306 (base 7) to base 12
448a85
What is 2d502 (base 14) in base 2?
11011101101001110
32cf33 (base 16) to base 15
45b948
Convert -11003230 (base 5) to base 11.
-64848
What is 359087 (base 11) in base 12?
234b54
What is 37413724 (base 8) in base 15?
ad3741
Convert 152433215 (base 6) to base 16.
30f48b
What is -4b87a9 (base 12) in base 8?
-4562561
110012010122010 (base 3) to base 13
145a961
Convert 49e4 (base 15) to base 11.
10909
What is -bd71a9 (base 15) in base 14?
-12b2a39
21bc60 (base 14) to base 12
473710
Convert -56571751 (base 8) to base 13.
-26cc9b1
What is -45348 (base 9) in base 6?
-351412
Convert -31431323 (base 6) to base 5.
-213444140
Convert 11011011001001000 (base 2) to base 11.
77330
Convert 123110010 (base 4) to base 5.
12040001
What is -20221212000 (base 3) in base 2?
-100001011011110000
Convert 100120100121 (base 3) to base 4.
231332311
Convert -1c1779b (base 13) to base 16.
-8e53d8
What is 1769549 (base 10) in base 6?
101532205
-15045 (base 9) to base 8
-24007
4350301 (base 6) to base 2
110100110111011101
13114334 (base 6) to base 10
429970
-22112112111 (base 3) to base 16
-2907d
What is 1502435 (base 8) in base 6?
13054113
10001000110000101011 (base 2) to base 16
88c2b
Convert 21281850 (base 9) to base 3.
201022201221200
What is -4344440 (base 5) in base 16?
-124f3
What is e70b (base 15) in base 11?
33767
What is -1111101011101010 (base 2) in base 14?
-195a2
What is -191a1 (base 11) in base 2?
-110100011100100
Convert -10011010111001111100 (base 2) to base 9.
-1166321
4044322224 (base 5) to base 4
133101210213
What is 13103066 (base 7) in base 4?
10203212012
318536 (base 9) to base 8
563032
Convert -117224 (base 11) to base 13.
-66441
What is -18900 (base 15) in base 8?
-233442
What is -236731c (base 14) in base 13?
-3676938
421532 (base 8) to base 11
96304
-1060250 (base 7) to base 2
-100000010001011100
10111060 (base 8) to base 6
113430144
-46103 (base 9) to base 2
-111011111101110
Convert -13221111332 (base 4) to base 10.
-2004350
-249035 (base 12) to base 11
-377a31
Convert 976335 (base 13) to base 14.
68793b
Convert 317134 (base 10) to base 13.
b146c
What is 14302aa (base 14) in base 9?
20381385
-11460b (base 15) to base 8
-3113035
What is 140140300 (base 6) in base 8?
12565014
What is -110179 (base 14) in base 8?
-2146037
What is cb52dc (base 14) in base 5?
3231001040
-12011222222022 (base 3) to base 6
-135021225
21110221202 (base 3) to base 2
100011111100011000
What is -611634 (base 7) in base 2?
-11001010111100001
What is 10081577 (base 9) in base 10?
4836661
Convert 6483c3 (base 15) to base 9.
10004883
What is 1211121222 (base 3) in base 14?
d283
Convert -2342504 (base 6) to base 2.
-11101111001001000
What is 69942 (base 13) in base 3?
100210100120
22341234 (base 5) to base 6
4135533
Convert 15a541 (base 11) to base 15.
4d82b
173265a (base 13) to base 7
120615346
60404460 (base 7) to base 12
1817440
-ee3b3 (base 16) to base 15
-1441d0
Convert 1431946 (base 12) to base 13.
ab8b4a
Convert 233331233 (base 4) to base 16.
2ff6f
20ab106 (base 12) to base 15
8268c6
What is -25527468 (base 9) in base 7?
-211364006
Convert -1341b40 (base 14) to base 8.
-43367174
Convert 28067b (base 12) to base 13.
1a3603
Convert -100111000001110101110 (base 2) to base 9.
-2358273
Convert -29b229 (base 13) to base 6.
-33541315
What is -d651ba (base 16) in base 11?
-7a23761
What is -4276bc (base 14) in base 16?
-224fe6
102504255 (base 6) to base 9
3362588
Convert -1032240134 (base 5) to base 8.
-10376530
What is 68a0 (base 13) in base 7?
60516
What is 915b6 (base 14) in base 13?
c31a6
Convert 44256 (base 12) to base 14.
24c38
What is -15776bb (base 13) in base 4?
-122110200210
What is 10101100011011010011011 (base 2) in base 4?
111203122123
1043250 (base 7) to base 14
34b27
23620035 (base 7) to base 15
2b8da3
Convert 656018 (base 11) to base 9.
1865826
-8b302 (base 16) to base 9
-1058040
-2540030 (base 6) to base 9
-228420
What 